{"id":298,"date":"2010-09-27T18:38:00","date_gmt":"2010-09-27T16:38:00","guid":{"rendered":"http:\/\/delariberadelgenil.wordpress.com\/?page_id=2"},"modified":"2012-06-20T18:33:01","modified_gmt":"2012-06-20T16:33:01","slug":"acerca-de","status":"publish","type":"page","link":"https:\/\/www.delariberadelgenil.com\/?page_id=298","title":{"rendered":"\u00bfQui\u00e9n soy?"},"content":{"rendered":"<p><span style=\"color: #800000;\">Hola, mi nombre es <strong>Salvador Cabrera Garcia<\/strong> tengo la inmensa suerte de haber nacido y vivir en <strong>Ecija<\/strong>, ba\u00f1ada por su rio Genil, sus 11 torres y espada\u00f1as, arabe y romana a la vez,conocida como <em>La Sarten de Andalucia<\/em> y tambien por sus bandoleros <em>Los 7 ni\u00f1os de Ecija.<\/em><\/span><\/p>\n<p><span style=\"color: #800000;\">Soy propietario del afijo <strong>DE LA RIBERA DEL GENIL<\/strong> con N 9401, comence en el mundo del trabajo con perros en 1995 de la mano de mi amigo el brigada Esenciales presentadome como guia de una rottweiler en mi primera prueba CEAC en 1998.<\/span><\/p>\n<p><span style=\"color: #800000;\">Mi primera licencia federativa para perros de trabajo y utilidad la tengo desde el 2001 cuando me presente a mi primera prueba de RCI. Fui socio fundador en 1999 del GT <em>Educan Canis<\/em> en Ecija, organizando en esos a\u00f1os varias pruebas de TC , BH y RCI.<\/span><\/p>\n<p><span style=\"color: #800000;\">Hoy en dia pertenezco al <strong>GT Montefiero<\/strong> cuyo maestro-instructor y figurante es <strong>Andres S\u00e1nchez<\/strong> por todos conocidos en el mundo del trabajo. El primer <strong>perro de agua espa\u00f1ol<\/strong> (PAE) que llego a mis manos fue hace mas de 10 a\u00f1os por supuesto lo trabaje y me diverti tanto que todav\u00eda hoy sigo haciendolo por lo divertidos que son y para competir.<\/span><\/p>\n<p><span style=\"color: #800000;\">En el 2007 participe en el <strong>Campeonato Internacional de trabajo de la AEPAE quedando Subcampe\u00f3n con BETO y 3\u00ba con PAKA<\/strong> tambien participe en el <strong>II concurso de Pastoreo quedando 3\u00ba con PAKA<\/strong>. En el 2008 he vuelto a participar en el <strong>Campeonato Inter. de Trabajo quedando Campeon Absoluto con BETO.<\/strong><\/span><\/p>\n<p><span style=\"color: #800000;\">Tambi\u00e9n tengo la inmensa suerte de tener como compa\u00f1ero al hijo de <strong>\u201cBETO\u201d y \u201cPAKA\u201d, Curioso \u201cPACO\u201d<\/strong> para los amigos que en 2008 y 2009 consecutivamente ha conseguido el campeonato de Andaluc\u00eda de Belleza adem\u00e1s de conseguir ser el <strong>BIS absoluto en la 24 Monogr\u00e1fica de Arnedo siendo a partir de ah\u00ed Campe\u00f3n de Espa\u00f1a de Belleza 2009 y 3 a\u00f1os consecutivos CH de Andaluc\u00eda 2008 \/09 y 2010 y habiendo sido el mejor PDAE en la Crufts 2011 y 2012.<\/strong><\/span><\/p>\n<p><span style=\"color: #800000;\"><strong>En 2011 tambi\u00e9n consegui ganar por segunda vez el campeonato internacional de Trabajo AEPAE con un nieto de BETO, Habdala de la Ribera del Genil \u00abMORO\u00bb<br \/>\n<\/strong><\/span><\/p>\n<p><span style=\"color: #800000;\">Despu\u00e9s de todo esto seguramente habeis imaginado lo que vais a encontrar en esta pagina que sera sobre todo de trabajo con PAE ya gracias a sus imnumerables aptitudes ha logrado sobrevivir en los siglos.<\/span><\/p>\n<p>&nbsp;<\/p>\n<p><center><\/center><\/p>\n","protected":false},"excerpt":{"rendered":"<p>Hola, mi nombre es Salvador Cabrera Garcia tengo la inmensa suerte de haber nacido y vivir en Ecija, ba\u00f1ada por su rio Genil, sus 11 torres y espada\u00f1as, arabe y romana a la vez,conocida como La Sarten de Andalucia y &hellip; <a href=\"https:\/\/www.delariberadelgenil.com\/?page_id=298\" class=\"more-link\">Continuar leyendo<\/a><\/p>\n","protected":false},"author":1,"featured_media":0,"parent":0,"menu_order":8,"comment_status":"closed","ping_status":"closed","template":"","meta":{"jetpack_post_was_ever_published":false,"footnotes":""},"class_list":["post-298","page","type-page","status-publish","hentry"],"jetpack_sharing_enabled":true,"jetpack_shortlink":"https:\/\/wp.me\/P2qQLF-4O","_links":{"self":[{"href":"https:\/\/www.delariberadelgenil.com\/index.php?rest_route=\/wp\/v2\/pages\/298","targetHints":{"allow":["GET"]}}],"collection":[{"href":"https:\/\/www.delariberadelgenil.com\/index.php?rest_route=\/wp\/v2\/pages"}],"about":[{"href":"https:\/\/www.delariberadelgenil.com\/index.php?rest_route=\/wp\/v2\/types\/page"}],"author":[{"embeddable":true,"href":"https:\/\/www.delariberadelgenil.com\/index.php?rest_route=\/wp\/v2\/users\/1"}],"replies":[{"embeddable":true,"href":"https:\/\/www.delariberadelgenil.com\/index.php?rest_route=%2Fwp%2Fv2%2Fcomments&post=298"}],"version-history":[{"count":5,"href":"https:\/\/www.delariberadelgenil.com\/index.php?rest_route=\/wp\/v2\/pages\/298\/revisions"}],"predecessor-version":[{"id":402,"href":"https:\/\/www.delariberadelgenil.com\/index.php?rest_route=\/wp\/v2\/pages\/298\/revisions\/402"}],"wp:attachment":[{"href":"https:\/\/www.delariberadelgenil.com\/index.php?rest_route=%2Fwp%2Fv2%2Fmedia&parent=298"}],"curies":[{"name":"wp","href":"https:\/\/api.w.org\/{rel}","templated":true}]}}

¿Quién soy?

<p><span style="color: #800000;">Hola, mi nombre es <strong>Salvador Cabrera Garcia</strong> tengo la inmensa suerte de haber nacido y vivir en <strong>Ecija</strong>, bañada por su rio Genil, sus 11 torres y espadañas, arabe y romana a la vez,conocida como <em>La Sarten de Andalucia</em> y tambien por sus bandoleros <em>Los 7 niños de Ecija.</em></span></p>
<p><span style="color: #800000;">Soy propietario del afijo <strong>DE LA RIBERA DEL GENIL</strong> con N 9401, comence en el mundo del trabajo con perros en 1995 de la mano de mi amigo el brigada Esenciales presentadome como guia de una rottweiler en mi primera prueba CEAC en 1998.</span></p>
<p><span style="color: #800000;">Mi primera licencia federativa para perros de trabajo y utilidad la tengo desde el 2001 cuando me presente a mi primera prueba de RCI. Fui socio fundador en 1999 del GT <em>Educan Canis</em> en Ecija, organizando en esos años varias pruebas de TC , BH y RCI.</span></p>
<p><span style="color: #800000;">Hoy en dia pertenezco al <strong>GT Montefiero</strong> cuyo maestro-instructor y figurante es <strong>Andres Sánchez</strong> por todos conocidos en el mundo del trabajo. El primer <strong>perro de agua español</strong> (PAE) que llego a mis manos fue hace mas de 10 años por supuesto lo trabaje y me diverti tanto que todavía hoy sigo haciendolo por lo divertidos que son y para competir.</span></p>
<p><span style="color: #800000;">En el 2007 participe en el <strong>Campeonato Internacional de trabajo de la AEPAE quedando Subcampeón con BETO y 3º con PAKA</strong> tambien participe en el <strong>II concurso de Pastoreo quedando 3º con PAKA</strong>. En el 2008 he vuelto a participar en el <strong>Campeonato Inter. de Trabajo quedando Campeon Absoluto con BETO.</strong></span></p>
<p><span style="color: #800000;">También tengo la inmensa suerte de tener como compañero al hijo de <strong>“BETO” y “PAKA”, Curioso “PACO”</strong> para los amigos que en 2008 y 2009 consecutivamente ha conseguido el campeonato de Andalucía de Belleza además de conseguir ser el <strong>BIS absoluto en la 24 Monográfica de Arnedo siendo a partir de ahí Campeón de España de Belleza 2009 y 3 años consecutivos CH de Andalucía 2008 /09 y 2010 y habiendo sido el mejor PDAE en la Crufts 2011 y 2012.</strong></span></p>
<p><span style="color: #800000;"><strong>En 2011 también consegui ganar por segunda vez el campeonato internacional de Trabajo AEPAE con un nieto de BETO, Habdala de la Ribera del Genil «MORO»<br />
</strong></span></p>
<p><span style="color: #800000;">Después de todo esto seguramente habeis imaginado lo que vais a encontrar en esta pagina que sera sobre todo de trabajo con PAE ya gracias a sus imnumerables aptitudes ha logrado sobrevivir en los siglos.</span></p>
<p>&nbsp;</p>
<p><center></center></p>

<p>Hola, mi nombre es Salvador Cabrera Garcia tengo la inmensa suerte de haber nacido y vivir en Ecija, bañada por su rio Genil, sus 11 torres y espadañas, arabe y romana a la vez,conocida como La Sarten de Andalucia y &hellip; <a href="https://www.delariberadelgenil.com/?page_id=298" class="more-link">Continuar leyendo</a></p>
